 the hundreds digit of 109491?
4
What is the units digit of 2404?
4
What is the hundreds digit of 10570?
5
What is the thousands digit of 1390?
1
What is the units digit of 834?
4
What is the units digit of 1753?
3
What is the units digit of 5852?
2
What is the units digit of 31643?
3
What is the thousands digit of 9248?
9
What is the tens digit of 1498?
9
What is the thousands digit of 15118?
5
What is the ten thousands digit of 67581?
6
What is the hundred thousands digit of 115503?
1
What is the thousands digit of 5769?
5
What is the units digit of 877?
7
What is the units digit of 949?
9
What is the units digit of 8041?
1
What is the ten thousands digit of 13863?
1
What is the tens digit of 6258?
5
What is the thousands digit of 8699?
8
What is the hundreds digit of 531?
5
What is the hundreds digit of 1420?
4
What is the units digit of 2505?
5
What is the units digit of 3848?
8
What is the units digit of 4167?
7
What is the tens digit of 87?
8
What is the tens digit of 1149?
4
What is the units digit of 26713?
3
What is the thousands digit of 36659?
6
What is the units digit of 6965?
5
What is the tens digit of 73689?
8
What is the ten thousands digit of 40551?
4
What is the units digit of 2484?
4
What is the ten thousands digit of 135064?
3
What is the hundreds digit of 369?
3
What is the units digit of 10724?
4
What is the hundreds digit of 25485?
4
What is the tens digit of 5232?
3
What is the tens digit of 10060?
6
What is the thousands digit of 6658?
6
What is the thousands digit of 31283?
1
What is the hundred thousands digit of 120089?
1
What is the tens digit of 4163?
6
What is the ten thousands digit of 18352?
1
What is the units digit of 699?
9
What is the tens digit of 627?
2
What is the hundreds digit of 983?
9
What is the hundreds digit of 968?
9
What is the hundreds digit of 1090?
0
What is the hundreds digit of 1788?
7
What is the tens digit of 624?
2
What is the units digit of 8808?
8
What is the hundreds digit of 897?
8
What is the units digit of 288?
8
What is the hundreds digit of 600?
6
What is the thousands digit of 8447?
8
What is the tens digit of 331?
3
What is the units digit of 4460?
0
What is the hundreds digit of 474?
4
What is the units digit of 1128?
8
What is the units digit of 2280?
0
What is the hundreds digit of 6798?
7
What is the thousands digit of 2101?
2
What is the thousands digit of 1861?
1
What is the thousands digit of 2983?
2
What is the units digit of 15948?
8
What is the tens digit of 18554?
5
What is the hundreds digit of 10041?
0
What is the units digit of 9072?
2
What is the units digit of 70277?
7
What is the units digit of 99?
9
What is the ten thousands digit of 10381?
1
What is the units digit of 294?
4
What is the tens digit of 44436?
3
What is the units digit of 806?
6
What is the tens digit of 48914?
1
What is the units digit of 16349?
9
What is the units digit of 21609?
9
What is the units digit of 12088?
8
What is the tens digit of 732?
3
What is the units digit of 40746?
6
What is the thousands digit of 41822?
1
What is the units digit of 1455?
5
What is the units digit of 315?
5
What is the units digit of 2547?
7
What is the units digit of 3969?
9
What is the units digit of 675?
5
What is the thousands digit of 1230?
1
What is the tens digit of 13098?
9
What is the thousands digit of 18332?
8
What is the hundred thousands digit of 156962?
1
What is the hundreds digit of 74152?
1
What is the ten thousands digit of 25028?
2
What is the thousands digit of 18597?
8
What is the units digit of 5791?
1
What is the units digit of 1030?
0
What is the thousands digit of 30098?
0
What is the hundreds digit of 1573?
5
What is the hundreds digit of 1833?
8
What is the tens digit of 948?
4
What is the ten thousands digit of 66529?
6
What is the units digit of 2160?
0
What is the hundreds digit of 1043?
0
What is the tens digit of 40433?
3
What is the hundreds digit of 253?
2
What is the units digit of 1457?
7
What is the hundreds digit of 479?
4
What is the tens digit of 157?
5
What is the units digit of 915?
5
What is the tens digit of 635?
3
What is the hundreds digit of 287?
2
What is the hundreds digit of 1930?
9
What is the units digit of 167573?
3
What is the units digit of 20688?
8
What is the tens digit of 105175?
7
What is the hundreds digit of 35906?
9
What is the tens digit of 16172?
7
What is the thousands digit of 1681?
1
What is the units digit of 76?
6
What is the hundreds digit of 8954?
9
What is the units digit of 20214?
4
What is the thousands digit of 1840?
1
What is the hundreds digit of 5125?
1
What is the thousands digit of 8998?
8
What is the tens digit of 57188?
8
What is the hundreds digit of 2590?
5
What is the units digit of 285?
5
What is the tens digit of 116?
1
What is the hundreds digit of 10623?
6
What is the tens digit of 1692?
9
What is the tens digit of 5196?
9
What is the thousands digit of 6181?
6
What is the thousands digit of 8272?
8
What is the units digit of 943?
3
What is the hundreds digit of 179?
1
What is the units digit of 18447?
7
What is the units digit of 2606?
6
What is the units digit of 1311?
1
What is the hundreds digit of 224?
2
What is the hundreds digit of 2080?
0
What is the hundreds digit of 626?
6
What is the hundreds digit of 7190?
1
What is the hundreds digit of 1285?
2
What is the tens digit of 3937?
3
What is the tens digit of 942?
4
What is the hundreds digit of 375?
3
What is the hundreds digit of 190334?
3
What is the hundreds digit of 108?
1
What is the units digit of 640?
0
What is the units digit of 7466?
6
What is the hundreds digit of 12232?
2
What is the units digit of 670?
0
What is the tens digit of 2622?
2
What is the thousands digit of 2794?
2
What is the tens digit of 4602?
0
What is the hundreds digit of 9755?
7
What is the units digit of 9005?
5
What is the hundreds digit of 1250?
2
What is the tens digit of 2656?
5
What is the thousands digit of 17464?
7
What is the thousands digit of 1544?
1
What is the units digit of 4468?
8
What is the tens digit of 38869?
6
What is the tens digit of 3722?
2
What is the units digit of 998?
8
What is the hundreds digit of 107090?
0
What is the units digit of 2510?
0
What is the hundreds digit of 2335?
3
What is the hundreds digit of 633?
6
What is the units digit of 5332?
2
What is the units digit of 574?
4
What is the units digit of 4908?
8
What is the thousands digit of 2850?
2
What is the tens digit of 11106?
0
What is the tens digit of 2731?
3
What is the hundred thousands digit of 156824?
1
What is the thousands digit of 71134?
1
What is the hundreds digit of 90770?
7
What is the hundreds digit of 320?
3
What is the units digit of 19764?
4
What is the hundreds digit of 27324?
3
What is the tens digit of 1327?
2
What is the tens digit of 20157?
5
What is the thousands digit of 42359?
2
What is the hundreds digit of 1460?
4
What is the hundreds digit of 1964?
9
What is the thousands digit of 3046?
3
What is the thousands digit of 1825?
1
What is the hundreds digit of 29937?
9
What is the tens digit of 4119?
1
What is the hundreds digit of 487?
4
What is the hundreds digit of 1388?
3
What is the units digit of 448?
8
What is the tens digit of 5290?
9
What is the units digit of 1908?
8
What is the hundreds digit of 16365?
3
What is the tens digit of 340?
4
What is the hundreds digit of 31960?
9
What is the hundreds digit of 653?
6
What is the units digit of 5498?
8
What is the units digit of 7079?
9
What is the units digit of 609?
9
What is the units digit of 18165?
5
What is the tens digit of 57?
5
What is the thousands digit of 35288?
5
What is the hundreds digit of 395?
3
What is the units digit of 492?
2
What is the units digit of 21006?
6
What is the units digit of 2085?
5
What is the units digit of 22083?
3
What is the units digit of 1737?
7
What is the thousands digit of 3666?
3
What is the units digit of 8446?
6
What is the thousands digit of 55294?
5
What is the hundreds digit of 4184?
1
What is the tens digit of 1071?
7
What is the ten thousands digit of 49703?
4
What is the tens digit of 144?
4
What is the tens digit of 3362?
6
What is the units digit of 927?
7
What is the hundreds digit of 2357?
3
What is the tens digit of 2253?
5
What is the hundreds digit of 97